2 + 7*t + 3. Give y(4).
-1
Let a(h) = -7*h + 4. Calculate a(0).
4
Let z(p) = -p**2 + p + 8. Determine z(-6).
-34
Let m(g) = -g**3 + 13*g**2 - 19*g + 80. What is m(12)?
-4
Let t(w) = -6*w - 302. Determine t(-48).
-14
Let i(y) = 2*y**2 - 47*y - 96. Determine i(25).
-21
Let v(y) = 4*y**3 - 3*y - 2. Give v(-1).
-3
Let f(o) = 7*o + 58. Give f(-10).
-12
Let z(v) = -2*v**3 + 11*v**2 - 8*v + 8. What is z(4)?
24
Let o(d) = d**3 - 17*d**2 + d + 10. What is o(17)?
27
Let r(k) = -6*k - 73. What is r(-13)?
5
Let u(i) = i + 20. Determine u(-6).
14
Let d(i) = -2*i**2 + 6*i + 30. Calculate d(-3).
-6
Let w(o) = 4*o**3 + 2*o**2 - 3*o - 3. Calculate w(-2).
-21
Let l(g) = 20*g + 5. Determine l(2).
45
Let q(z) = -z**3 + 8*z**2 - z + 3. Calculate q(8).
-5
Let q(t) = -2*t**3 - t**2 + 4*t - 2. Give q(1).
-1
Let x(s) = -3*s - 1. Calculate x(-3).
8
Let b(u) = -18*u**3 - 2*u**2 - 4*u - 3. Determine b(-1).
17
Let s(v) = -12*v - 151. Calculate s(-12).
-7
Let g(s) = -s**2 - 59. Give g(0).
-59
Let k(v) = -2*v + 5. What is k(5)?
-5
Let t(k) = -3*k**2 - k. Give t(1).
-4
Let t(m) = m**3 - 21*m**2 + 17*m + 60. Give t(20).
0
Let i(u) = 17*u + 237. What is i(-14)?
-1
Let z(b) = -4*b - 25. Determine z(-11).
19
Let m(q) = 3*q + 41. What is m(-7)?
20
Let p(g) = -2*g**2 - 12*g - 21. Determine p(-2).
-5
Let w(c) = -c**2 + 7*c - 8. Calculate w(10).
-38
Let z(a) = a**2 - 9*a - 31. Calculate z(-3).
5
Let n(w) = -w**2 + 7*w - 6. Determine n(7).
-6
Let j(g) = g**2 - 50*g + 167. Calculate j(4).
-17
Let r(a) = -26*a + 1. What is r(-1)?
27
Let c(m) = 4*m - 63. Calculate c(17).
5
Let y(w) = -10*w**3 + w + 2. Give y(-1).
11
Let x(o) = o**2 + 6*o - 8. What is x(-11)?
47
Let b(h) = -4*h**2 - 12*h + 2. Determine b(-6).
-70
Let m(p) = 10*p - 5. Determine m(3).
25
Let t(b) = -2*b**3 - 10*b**2 + 167*b + 4. What is t(7)?
-3
Let d(o) = -o**3 + 4*o**2 + 9*o + 15. What is d(6)?
-3
Let f(k) = -6*k**3 + 2*k**2 + 2*k + 1. Give f(-1).
7
Let q(r) = -163*r**2 + 1. Calculate q(-1).
-162
Let g(y) = -3*y**2 + 167*y - 272. What is g(54)?
-2
Let p(l) = -4*l + 86. Calculate p(25).
-14
Let b(a) = -3*a - 3. Calculate b(-7).
18
Let c(n) = n**3 + 13*n**2 - n - 10. Determine c(-13).
3
Let z(t) = -4*t**3 + 4*t - 4. Determine z(2).
-28
Let w(u) = u**2 - 6*u + 11. Give w(11).
66
Let d(m) = 56*m + 79. Determine d(-2).
-33
Let y(v) = 7*v + 18. Give y(-4).
-10
Let l(w) = -w**3 + 29*w**2 + 32*w - 54. Give l(30).
6
Let r(w) = -22*w + 1. What is r(1)?
-21
Let w(p) = 28*p**3 - 2*p**2 + 2. Determine w(-1).
-28
Let h(n) = -10*n - 172. Calculate h(-18).
8
Let a(y) = -y + 9. Calculate a(11).
-2
Let b(p) = p**3 - p**2 - 5*p - 4. Give b(5).
71
Let r(m) = m**2 + 6*m - 128. Calculate r(9).
7
Let c(s) = 4*s - 77. Give c(19).
-1
Let u(y) = 18*y + 356. Give u(-19).
14
Let o(k) = -k**2 + 2*k. Determine o(5).
-15
Let l(h) = -7*h**2 - 14*h - 23. Determine l(-2).
-23
Let i(s) = -3*s**2 + 22*s - 8. Calculate i(7).
-1
Let f(l) = -l**3 + 4*l**2 - 2*l + 2. Calculate f(3).
5
Let z(p) = -p - 13. Determine z(-4).
-9
Let d(r) = r**2 - 22*r + 11. Give d(21).
-10
Let u(a) = a**3 + 11*a**2 - 26*a - 5. What is u(-13)?
-5
Let z(f) = -2*f**3 - 2*f**2 + 3*f - 2. Calculate z(-3).
25
Let d(o) = -3*o + 66. Determine d(19).
9
Let w(p) = p - 1. Give w(8).
7
Let i(p) = 26*p + 120. What is i(-5)?
-10
Let x(w) = w**3 - 18*w**2 + 21*w + 17. Calculate x(16).
-159
Let p(k) = 7*k - 13. Give p(4).
15
Let q(i) = -i**3 + 14*i**2 - 14*i + 7. Determine q(13).
-6
Let z(g) = g**3 - 22*g**2 - 22*g - 13. Determine z(23).
10
Let s(n) = -n**2 + 13*n - 20. What is s(10)?
10
Let b(d) = -4*d - 5. What is b(2)?
-13
Let j(s) = -19*s + 13. Determine j(-3).
70
Let c(b) = -b**2 + 26*b - 83. Calculate c(22).
5
Let o(j) = -j**3 - 4*j**2 + 13*j + 10. Determine o(-6).
4
Let m(d) = d**3 + 17*d**2 + 22*d + 12. Give m(-16).
-84
Let i(d) = 32*d + 395. Give i(-12).
11
Let b(z) = -5*z. Determine b(-6).
30
Let c(j) = 12*j**2 + 4*j + 3. Determine c(-1).
11
Let m(d) = -15*d**2 + d. Give m(-1).
-16
Let j(h) = h - 5. Determine j(15).
10
Let l(c) = 43*c**3 - c. What is l(-1)?
-42
Let b(m) = 25*m + 66. Give b(-3).
-9
Let h(g) = -6*g - 7. Calculate h(-6).
29
Let d(g) = -133*g - 1456. Give d(-11).
7
Let k(l) = 2*l**2 - 3*l - 115. Calculate k(-7).
4
Let b(j) = 18*j + 59. What is b(-3)?
5
Let w(u) = 2*u**3 + 17*u**2 - 7*u + 28. Give w(-9).
10
Let s(a) = 3*a**3 - 2*a**2 - 2. Calculate s(2).
14
Let v(a) = -a**2 - 27*a + 13. Give v(-27).
13
Let z(j) = 4*j - 13. Calculate z(15).
47
Let p(s) = -12*s + 302. Determine p(22).
38
Let g(o) = -9*o**2 + 2*o + 2. What is g(-1)?
-9
Let l(q) = -q**3 - 4*q**2 - 3. Determine l(-3).
-12
Let y(a) = 2*a**2 - 3*a - 2. Determine y(4).
18
Let d(f) = -34*f - 358. Give d(-10).
-18
Let i(x) = -x. Give i(15).
-15
Let r(t) = -2*t**3 + 25*t**2 + 14*t - 14. Calculate r(13).
-1
Let c(x) = -x**3 - 12*x**2 - 16*x - 7. Give c(-7).
-140
Let q(m) = 5*m. What is q(2)?
10
Let p(g) = -g**3 + 22*g**2 - 16. What is p(22)?
-16
Let v(i) = -i**2 + 4*i + 3. Determine v(2).
7
Let b(p) = p + 6. What is b(-6)?
0
Let x(j) = j**3 + 10*j**2 + 12*j. Give x(-9).
-27
Let t(r) = -3*r**3 + r**2 - 2*r + 2. Give t(2).
-22
Let s(o) = -4*o + 4. Give s(-3).
16
Let i(b) = -11*b + 2. What is i(1)?
-9
Let p(a) = a - 16. What is p(7)?
-9
Let x(o) = -o**3 + 8*o**2 - 6. Determine x(8).
-6
Let x(l) = -l**3 + 13*l**2 - 13*l + 5. Determine x(12).
-7
Let z(q) = -q**2 - 3*q + 3. Give z(-4).
-1
Let i(s) = s**3 + 4*s**2 + 6*s + 5. Determine i(-4).
-19
Let r(z) = 2*z**2 - 8*z - 31. Determine r(-3).
11
Let i(f) = f**3 - 5*f**2 + 2*f + 1. Determine i(3).
-11
Let h(u) = -17*u - 78. Determine h(-5).
7
Let j(p) = p**3 - 6*p + 10. Calculate j(-3).
1
Let i(n) = 2*n**3 - 20*n**2 - 2*n + 22. Determine i(10).
2
Let i(d) = -d**2 + 3*d - 4. Give i(0).
-4
Let g(c) = c**2 - 5*c + 5. What is g(8)?
29
Let d(x) = -11*x**3 + x**2 + x. Determine d(-1).
11
Let w(p) = -5*p + 69. What is w(0)?
69
Let x(w) = -40*w**2 - w - 2. Give x(-1).
-41
Let t(y) = y**3 + 15*y**2 - 9*y + 105. Calculate t(-16).
-7
Let w(t) = -12*t + 27. Determine w(-13).
183
Let d(w) = -5*w - 10. Calculate d(1).
-15
Let t(n) = 4*n**3 + 2*n**2 + 3*n - 3. What is t(2)?
43
Let n(y) = 2*y + 44. Calculate n(0).
44
Let o(q) = -4*q + 38. What is o(8)?
6
Let n(j) = -j**3 - 21*j**2 + 23*j - 4. Determine n(-22).
-26
Let j(z) = -z**3 + 9*z**2 - 7*z + 11. What is j(7)?
60
Let a(h) = 6*h - 48. What is a(7)?
-6
Let r(p) = -p**2 - 6*p + 19. Calculate r(8).
-93
Let i(m) = m**2 + 25*m - 149. Calculate i(5).
1
Let r(y) = -y**3 + 5*y**2 + 2*y + 11. Determine r(5).
21
Let w(a) = -a**2 - 11*a + 206. What is w(-21)?
-4
Let p(f) = -11*f + 11. Give p(1).
0
Let l(p) = -36*p - 1. Calculate l(1).
-37
Let m(v) = -v**2 - 11*v - 15. Calculate m(-9).
3
Let m(y) = y**2 + 5*y + 52. What is m(-8)?
76
Let r(i) = i**2 + 14*i + 2. Calculate r(-14).
2
Let l(p) = -2*p**2 + 15*p - 10. Give l(5).
15
Let s(n) = n**2 + 25*n + 65. Determine s(-23).
19
Let y(s) = 2*s**2 - 3. Give y(2).
5
Let h(t) = 2*t**2 - 42*t + 55. What is h(22)?
99
Let u(v) = -v**2 - 8*v - 11. Give u(-9).
-20
Let r(m) = m**3 + 6*m**2 + 7*m + 1. Determine r(-5).
-9
Let m(h) = -12*h**2. Calculate m(3).
-108
Let b(y) = -3*y + 9. Determine b(3).
0
Let x(j) = 5*j - 17. What is x(5)?
8
Let n(r) = 3*r - 39. What is n(0)?
-39
Let d(b) = -b - 6. Give d(-6).
0
Let s(h) = -8*h**3 + 5*h**2 - 6*h + 2. Calculate s(2).
-54
Let c(g) = -g**3 + 5*g - 2. What is c(2)?
0
Let g(w) = -w**3 + 11*w**2 - 19*w - 14. Calculate g(3).
1
Let l(p) = p**3 + 21*p**2 - 24*p - 39. Determine l(-22).
5
Let t(q) = 3*q**2 + q - 36. Determine t(-4).
8
Let i(k) = -k - 12. Give i(5).
-17
Let x(j) = -31*j + 3. Give x(-1).
34
Let i(x) = -18*x + 16. Calculate i(0).
16
Let a(z) = -2*z. What is a(-1)?
2
Let u(t) = -2*t**3 - 18*t**2 - t - 11. Give u(-9).
-2
Let d(l) = -l**3 - 13*l**2 - 34*l - 7. Determine d(-10).
33
Let o(g) = -g**2 + 5*g + 2. Give o(5).
2
Let v(l) = l - 6. Give v(6).
0
Let d(t) = t**3 - 2*t**2 - 2*t. Calculate d(-2).
-12
Let y(b) = 3*b**2 + 2*b + 4. What is y(-2)?
12
Let p(w) = w**2 + 11*w + 9. Determine p(-4).
-19
Let h(m) = m**2 - 5*m + 12. Give h(8).
36
Let n(x) = -6*x**2 - 2*x - 2. Calculate n(-2).
-22
Let n(j) = 5*j + 2. What is n(6)?
32
Let a(x) = x**2 - 9. Determine a(-3).
0
Let u(s) = s**3 + 9*s**2 + s - 11. What is u(-9)?
-20
Let t(v) = -3*v - 2. Determine t(-4).
10
Let g(m) =